 of -i**5/60 - 7*i**4/24 + 4*i**3/3 + 10*i**2. Let s be l(-7). What is the highest common factor of 40 and s?
8
Suppose 4*a = -2*x - 34 - 34, -x - 3*a - 33 = 0. Let p = x + 40. What is the highest common divisor of 20 and p?
4
Let x(b) = -12*b - 8. Let c be x(-3). Suppose -5*z + 136 = 4*m, 0*z - m = -3*z + 85. What is the highest common factor of c and z?
28
Suppose 0*g - 5*g - 5 = 0, 172 = n + 4*g. What is the highest common divisor of 132 and n?
44
Suppose 0 = 3*x, -i + 4 = 4*x - x. Suppose 0 = i*f + 8*f - 240. Calculate the highest common factor of f and 10.
10
Let t(q) = -3*q + 13 - 33 + 2. Let c be t(-7). Suppose -5*r = -2*h - 79, -r + 3*h + 28 = 7. Calculate the highest common factor of r and c.
3
Let b = -21 + 21. Suppose b*n - n = -32. Suppose -2*m + m + n = 0. What is the greatest common factor of m and 4?
4
Let d be 9/(-15) + 0 + 1278/30. Calculate the greatest common factor of d and 70.
14
Suppose -4*c + 3*z = -11 - 10, -3*c - 3*z = 0. Let u be c*(-1 + (-56)/(-12)). Suppose -9*x - 24 = -u*x. What is the highest common divisor of x and 18?
6
Let w = -26 - 11. Let u = 8 - w. What is the highest common divisor of u and 75?
15
Suppose 0 = 3*y + 72 + 30. Let b = y + 42. What is the highest common divisor of 56 and b?
8
Suppose -4*d + 3*d - 15 = 5*s, 4*d = 4*s + 60. Suppose -196 = -5*u - 4*n, -5*u = -d*u - 5*n + 195. Calculate the greatest common factor of u and 60.
20
Let c = 1 + -3. Let p be (108/(-15))/(c/10). Let l be (-44)/(-5) + (-5)/(-25). Calculate the greatest common factor of p and l.
9
Suppose -4 + 19 = -5*a. Let k(w) = w**2 - w - 4. Let h be k(a). Let l be (6/15)/(1/60). What is the greatest common divisor of h and l?
8
Suppose -4 + 12 = 8*x. Let y be ((-18)/12*x)/((-2)/4). Calculate the greatest common factor of 33 and y.
3
Suppose 5*r = f + 559 + 595, 3*r + 2*f = 695. Calculate the greatest common divisor of 49 and r.
7
Suppose h - 3 = 0, 243 = 5*c + 4*h + 96. Let i = 24 + c. What is the greatest common divisor of i and 34?
17
Let t(i) = i**2 - 9*i + 1. Let s be t(9). Let x be s*(48/(-15))/((-5)/75). Calculate the greatest common divisor of 6 and x.
6
Let s = -243 - -1090. Calculate the greatest common factor of s and 77.
77
Let z = 541 - 320. What is the highest common factor of 17 and z?
17
Suppose 0 = 4*k - 3 - 5. Suppose k*l = 19 + 1. Calculate the greatest common factor of 25 and l.
5
Let u(y) = 277*y**3 - 2*y + 1. Let h be u(1). Let k = 408 - h. Suppose 0*p + 25 = 5*p, 58 = 4*z + 2*p. What is the highest common factor of z and k?
12
Let n(k) = -16*k - 10. Let m be n(-3). Let q = m - 37. Suppose -29 = -5*a + 4*f, 3*a = 3*f + 4 + 14. Calculate the greatest common divisor of a and q.
1
Let k be (-145)/(-10) - 2/4. Let f be 1 + 3/(-3) - -13 - -1. What is the greatest common factor of f and k?
14
Suppose 4*y + 180 = 3*b - 178, -3*b + 322 = 5*y. Calculate the greatest common divisor of 19 and b.
19
Let c = -567 - -587. Calculate the highest common divisor of c and 1180.
20
Suppose -11*s + 0*s + 495 = 0. Calculate the highest common divisor of s and 45.
45
Suppose -o - 5 = -25. Suppose -2*z + u = -1, 7 = -5*z - u + o. Suppose -17 = -z*t + 3. What is the highest common factor of t and 4?
2
Let n(i) = -80*i + 1105. Let z be n(0). Calculate the greatest common divisor of z and 65.
65
Let j(q) = -9*q**3 - 3*q**2 - 3*q - 2. Let z be j(-1). What is the greatest common factor of z and 2?
1
Suppose 4*q = 4*g - g + 9, -3*g + q = 0. Let d be ((-1)/2)/(g/2). Let x(b) = 41*b**2 + 2*b + 1. Let t be x(d). Calculate the highest common factor of t and 5.
5
Let q(i) = 2*i**3 - 8*i**2 - 10*i - 3. Let j be q(8). Let u = -45 - -84. Calculate the highest common factor of j and u.
39
Suppose 2*p = 7 - 1. Let m(k) = 3*k**2 - 7*k + 9. Let o be m(p). Let t(w) = 16*w**2 + 3*w. Let g be t(-3). What is the highest common factor of o and g?
15
Let z be -6*(2 + 3)/(-10). Suppose -z*c + 0*c = s + 2, 2*s - 2*c = 4. Let h = 8 + s. Calculate the highest common divisor of h and 3.
3
Let t be (-10)/3*12/(-5). Suppose 0 = 5*u - 6*u + t. Let f(m) = m**2 - 10*m + 9. Let h be f(11). Calculate the highest common factor of u and h.
4
Suppose s + 2*s + 6 = 0. Let k(m) = m**3 + 3*m**2 + 2*m + 1. Let c be k(s). Let v be 335/30 + 7/(-42). What is the highest common divisor of c and v?
1
Let n be 50/8 - 2/8. Suppose 78*f = 121*f - 2322. What is the greatest common factor of f and n?
6
Let f(d) = 6*d - 10. Let g be f(6). Suppose 5*p + 0 - 5 = -3*h, 4*h - 65 = 5*p. Let n be 924/70 - 2/h. Calculate the highest common divisor of g and n.
13
Let g(p) = -p**3 + 19*p**2 - 17*p - 16. Let q be g(18). Suppose q*u + 14 - 18 = 0. What is the greatest common factor of u and 6?
2
Let q = 59 + -19. Let y(k) = k**3 - 4*k**2 + 9*k - 8. Let i be y(3). Calculate the greatest common factor of i and q.
10
Let q(p) = 2*p**3 + 2*p**2 + p + 34. Let h be q(0). Calculate the highest common factor of h and 578.
34
Let a(o) = -3*o**2 + 8*o - 9*o + 19*o**2. Let c be a(-1). Suppose -22 = -b - 5. What is the highest common divisor of c and b?
17
Let l(p) = 8*p - 52. Let q be l(9). What is the greatest common divisor of 140 and q?
20
Let b = -277 + 301. Calculate the highest common factor of b and 252.
12
Suppose 3087 = 13*q + 36*q. Calculate the greatest common divisor of 63 and q.
63
Let q(x) = -3*x + 41. Let j be q(10). Calculate the greatest common divisor of 121 and j.
11
Let y(s) = -2*s - 21. Let g be y(-13). Suppose 2*t + 4*q = t + 119, 4*t + g*q = 465. What is the highest common factor of t and 23?
23
Suppose -46*h + 15540 = -9*h. What is the greatest common divisor of h and 1120?
140
Suppose 0 = 2*p + 3*p - 4*v - 43, 0 = 2*p + v - 25. Suppose -2*z = -z - p. Calculate the highest common factor of 121 and z.
11
Let m(c) = -c**2 - 14*c - 12. Let h be m(-14). Let b(t) = t**3 + 13*t**2 + 11*t - 8. Let f be b(h). What is the highest common divisor of 10 and f?
2
Let w be (69/46)/(3/8). Calculate the greatest common divisor of 20 and w.
4
Suppose -979 + 1027 = 2*q - 2*t, 120 = 5*q + t. Let c be 40*(1 - (-2)/4). Calculate the highest common factor of c and q.
12
Let x be ((-12)/(-5))/(36/450). What is the greatest common divisor of 105 and x?
15
Let z(a) = -8*a - 19. Let f be z(-4). Let t(x) = 21*x**3 + x**2 - 3. Let l be t(2). What is the greatest common divisor of l and f?
13
Suppose 410*o - 394*o - 2368 = 0. Calculate the greatest common divisor of 111 and o.
37
Let z(m) = m**2 + m - 10. Let y be z(-7). Let k = -95 + 167. Suppose 0 = 4*g - 392 + k. Calculate the highest common divisor of g and y.
16
Let m = 16 - -6. Suppose 0 = 5*l + 2 - m, 3*l = -5*i - 3. Let g = i - -15. Calculate the highest common factor of g and 12.
12
Let u = 1 - -1. Suppose -12*v = -8 - 28. What is the greatest common divisor of v and u?
1
Let t = -495 + 505. Suppose 100 = y + y. Calculate the greatest common factor of y and t.
10
Suppose -1218 - 2882 = -4*k. Calculate the greatest common divisor of 41 and k.
41
Let l(j) = 2*j - 103 + 3*j**2 + 103. Let s be l(-2). What is the highest common divisor of s and 2?
2
Suppose 2*t - 151 = -j, 2*j - 7 = 3. Let i = 1 + t. Calculate the highest common divisor of i and 111.
37
Let d(a) = -3*a**2 - a - 5. Let h(r) = -r**2 - 2. Let b(x) = -2*d(x) + 5*h(x). Let z = -15 + 10. Let q be b(z). What is the greatest common divisor of q and 10?
5
Let b be -1*4592/(-72) - (-4)/18. Let a(c) = -3*c + 2. Let l be a(-2). What is the highest common divisor of b and l?
8
Let u = 6 - 2. Let b = 11 + -26. Let n be ((-44)/(-5))/(-2 + (-33)/b). What is the greatest common factor of u and n?
4
Suppose 4*g - 2*g = -5*a + 8, -3*a - 4*g + 16 = 0. Suppose 4*n - 42 - 94 = a. Calculate the greatest common factor of n and 119.
17
Suppose -3*w + 5*w + 2*l - 32 = 0, 0 = -4*w - 2*l + 72. Let h be 1*(-1 - 0) - -81. What is the highest common divisor of h and w?
20
Let s be (-80)/(-30) - (-2)/(-3). Suppose -s*k + 3*x - 3 = -0, 3*k = x + 13. Calculate the highest common divisor of 12 and k.
6
Let s = -62 + 96. Suppose 686 = -13*z + 17*z + 2*t, 0 = -3*t + 9. What is the highest common factor of z and s?
34
Let a be (-2 - (-24)/9)*-6. Let h = a + 13. Suppose -37 = -2*c + h. What is the greatest common factor of c and 161?
23
Suppose 0 = -4*v + 1612 + 932. What is the greatest common factor of 12 and v?
12
Let z(b) = 1